= -g**2 - 9*g + 17. What is the remainder when q(-8) is divided by z(-5)?
7
What is the remainder when ((-80)/15 + 4)*-18 is divided by 13?
11
Let s(l) = -2*l**3 + 4*l**3 - 5*l - 7*l**2 + l**3 - 7 - 4*l**3. Let d be s(-6). Calculate the remainder when 20 is divided by (1 + -2)*d - 2.
9
Let o(l) be the second derivative of 11*l**4/12 - 2*l**3/3 - 3*l**2 + 3*l. Let w be o(-4). Suppose -4*d = -d - w. What is the remainder when d is divided by 21?
20
Let g = 18 - 16. Let i(v) = v**3 + 5*v**2 - 6*v + 8. Calculate the remainder when (44/(-8))/(g/(-8)) is divided by i(-6).
6
Let m = 42 + -30. What is the remainder when m is divided by 7?
5
Let f(w) = -6*w - 9. Calculate the remainder when 42 is divided by f(-4).
12
Let k = -31 + 47. Calculate the remainder when k is divided by 4.
0
Let r(l) be the second derivative of -3*l**3/2 + l**2/2 - 2*l. What is the remainder when (15/10)/(3/174*3) is divided by r(-1)?
9
Suppose -2*b - 4 = -3*b. What is the remainder when 15 is divided by b?
3
Let d be (-4)/8 + 110/4. Suppose 4*y = 3*y + d. What is the remainder when 53 is divided by y?
26
Let i be 6/(-3) + 7 - 2. Suppose -4*r + 42 = -z + 3*z, 4*z - i*r = 40. Calculate the remainder when z is divided by 5.
3
Let r = 221 - 125. Calculate the remainder when r is divided by 20.
16
Suppose -4*k + 2*k - 4*r + 42 = 0, -k - 3*r + 26 = 0. Let y = 24 - k. Calculate the remainder when (-2)/7 + (-690)/(-14) is divided by y.
10
Let r(b) = 2*b - 6. Let z be r(6). Let m = 11 - z. Calculate the remainder when 12 is divided by m.
2
Let l(f) = f**3 - 4*f**2 - 8*f + 9. What is the remainder when l(6) is divided by 10?
3
Let q(f) = -f**2 + 9*f - 8. Let v be (-172)/6 - 2/(-3). Let p = v - -56. Calculate the remainder when p is divided by q(6).
8
Suppose 3 = 3*y - 3. Let w(n) = -n - n**y + 5 + 1 - 3. Calculate the remainder when w(0) is divided by 2.
1
Let n(p) = -p**2 - 8*p + 5. Let b be n(-8). Let c = b + -2. Suppose -d + 5 = -2*q + c*q, -4*d - 3*q = -22. What is the remainder when d is divided by 4?
3
Suppose 6*k = k + 20, -4*t - 4*k + 592 = 0. What is the remainder when t is divided by 29?
28
Let b = 74 + -18. Suppose 76 = -3*q + 7*q. Calculate the remainder when b is divided by q.
18
Let k(t) = 7 + 5*t**2 - 10*t + 14*t - t**3 + 3*t. What is the remainder when 50 is divided by k(6)?
11
Let k = -18 + 43. Let d = -10 - -14. Suppose -4*o - o + d*i = -61, 0 = -3*o + i + 38. Calculate the remainder when k is divided by o.
12
Let h = -2 + 8. Calculate the remainder when 13 is divided by h.
1
Let x(y) = -y + 3. Calculate the remainder when 25 is divided by x(-4).
4
Suppose 5 - 14 = -3*s. What is the remainder when s is divided by 1?
0
Suppose 4*z = 9*z + 15. What is the remainder when 0 + z + 30 - -2 is divided by 11?
7
Let l = -5 + 9. Let m be ((-1)/(-2))/(l/152). Suppose 0 = 5*j - m - 76. What is the remainder when j is divided by 10?
9
Let c(v) = 2*v**2 - 4*v + 3. Let m be c(2). Suppose -2*q + m*l = -100, -3*l + 5*l = -q + 43. What is the remainder when q is divided by 16?
15
Let o = -1 - -1. Suppose 3*g + o = 9. What is the remainder when 4 is divided by g?
1
Let y = 0 - -4. Suppose 5*q - 29 + y = 0. Calculate the remainder when 14 is divided by q.
4
Let r(l) = -5 + 3*l**3 + 4*l**2 - 5*l - 3*l**3 + l**3. Let t(x) = x - 7. Let g be t(3). Calculate the remainder when r(g) is divided by 8.
7
Let c be 0 + -1 + 0/3. Let d be (1 + -3)/(c/2). Calculate the remainder when 7/d + (-9)/12 is divided by 1.
0
Let n(p) = 3*p. Let l be n(-1). Let h be ((-2)/l)/(-1)*51. Let f = -18 - h. What is the remainder when f is divided by 6?
4
Suppose 0 = 5*n - 16 + 6. Suppose -n*j - 1 = -13. What is the remainder when 17 is divided by j?
5
Let z(a) = -a**2 - 7*a. Let y be z(-6). Suppose -j + y*j = 40. Calculate the remainder when 22 is divided by j.
6
Suppose 36 = -2*n - n. Let z = -6 - n. Calculate the remainder when z is divided by 2.
0
Let p = -10 - -14. Suppose w + 3*f = 34, w - 5 = 5*f + 5. Suppose -4*v + w = 5*b - 3, 20 = 3*b + p*v. What is the remainder when 7 is divided by b?
3
Let b(q) = 13*q - 37. What is the remainder when b(6) is divided by 3?
2
Suppose -2*p - 4*d = -9*d - 168, 4*p - 3*d - 308 = 0. What is the remainder when p is divided by 15?
14
Suppose 0 = -4*k + 2*u + 150, -u - 42 = -4*k + 105. Suppose 0 = 6*r - 2*r - k. Calculate the remainder when 25 is divided by r.
7
Suppose i - 3*p = -2*p + 37, -p = 0. What is the remainder when 146 is divided by i?
35
Suppose 2*h = 10, -172 = -5*z - h + 98. Suppose 3*q - 10 = z. What is the remainder when q is divided by 8?
5
What is the remainder when 30 is divided by (-1)/(-3 - -4)*-11?
8
Suppose 10*j - 17*j = -161. What is the remainder when -3*(-1 + 65/(-3)) is divided by j?
22
Calculate the remainder when (-9)/3*(-8)/1 is divided by 13.
11
Let l(x) = -x - 1. Let s be l(-3). Suppose -2*o = -s*y - 5 + 19, 3*y - 36 = -2*o. What is the remainder when 19 is divided by y?
9
Let d = 31 - 55. What is the remainder when 32 is divided by (-260)/d - (-2)/12?
10
What is the remainder when (8 + -4)*(-19)/(-4) is divided by 7?
5
Suppose 2*t + 7 = -5. Calculate the remainder when 75 is divided by 3*(152/t)/(-4).
18
Suppose 0 = 13*a - 15*a + 142. What is the remainder when a is divided by 39?
32
Let v(b) = b**2 + 4*b + 3. Let u be v(-5). Let q = u - 12. Calculate the remainder when 28 is divided by (-39)/q + 1/4.
8
Suppose 3*u - 8 = u. Calculate the remainder when 4 is divided by u.
0
Suppose 0 = v - 25. Let u(x) = x**3 + 11*x**2 - 3*x + 14. What is the remainder when u(-11) is divided by v?
22
Suppose 5*u - 4*q + 110 = 0, u - 5*q + 13 = -9. Let w = -12 - u. What is the remainder when 49 is divided by w?
9
Suppose 9*h - 4*h = -20. Calculate the remainder when h/(12/(-27))*1 is divided by 5.
4
Let m(u) = 2*u**2 - 27*u - 37. Suppose -5*g + 73 = -2. What is the remainder when m(16) is divided by g?
13
Suppose -m = -3*z + 89, -5*m - 30 - 74 = -4*z. Let j be z - 2/6*0. Suppose 2*r - 5*n - 23 = j, -47 = -3*r - n. What is the remainder when 50 is divided by r?
16
Let p(u) = 2*u + 2. Let w be p(-6). Suppose 2*g - 26 = -4*f + 4*g, -5*f + 26 = 4*g. What is the remainder when 12/4*w/(-3) is divided by f?
4
Suppose 2*g = -k + 21, -8*k = -3*k - 15. Suppose 76 = -g*p + 11*p. Calculate the remainder when p is divided by 20.
18
Suppose 3*w - 3*a = 33, 0*a + 2*a = -2*w + 18. Calculate the remainder when 26 is divided by w.
6
Let q = -1 + 6. Suppose -5*f + 12 = f. Calculate the remainder when q is divided by f.
1
Suppose 3*m + 2*p - p = 9, 18 = 3*m - 2*p. Suppose -5*k + 3*w = -6, 2*k + 2*w = -8 + 20. Calculate the remainder when 44/k - 2/(-6) is divided by m.
3
Suppose c + 14 = 2*c. Calculate the remainder when 39 is divided by c.
11
Let w(m) = 2*m**2 + 6*m + 5. What is the remainder when w(6) is divided by 29?
26
Let l = -16 + 42. Let q(t) = 2*t + 4. Let z be q(4). Calculate the remainder when l is divided by 1 + z*(-2)/(-3).
8
Suppose 5*s - 722 = 2*y, 2*y - 304 = -2*s - y. What is the remainder when s is divided by 21?
20
Let k be (0 - 1)*(-4 + 5). Calculate the remainder when 37 is divided by (6 + -7)/(k/13).
11
Let i(v) = v + 13. Let u be i(-9). Suppose u*t - 17 - 15 = 0. What is the remainder when 23 is divided by t?
7
Suppose 2 - 36 = -2*m. What is the remainder when 65 is divided by m?
14
Suppose -2*j - 4 = 0, j + 4 + 2 = -4*k. Let x be (0/(-4))/(k*1). Let t(v) = -v + 38. Calculate the remainder when t(x) is divided by 13.
12
Let b = -28 - -48. What is the remainder when b is divided by 7?
6
Let m = 11 - 6. Suppose 6*j - j - 35 = -5*r, r = m*j - 65. What is the remainder when 35 is divided by j?
11
Suppose 0 = 4*c - 2*c - 4. Suppose -2*n = c*m - 34, -3*n = m - 4*n - 17. What is the remainder when m is divided by 10?
7
Let r = -40 + 20. What is the remainder when 73 is divided by (r/(-8))/(2/20)?
23
What is the remainder when 65 is divided by 3/(-4)*(-8)/12*34?
14
Suppose -32 = -2*n - 12*z + 9*z, 2*z = -2*n + 30. What is the remainder when 50 is divided by n?
11
Let c = 149 - 137. What is the remainder when 176 is divided by c?
8
Let r(w) = -20*w**3 + 1. Let k be r(1). Let t = -33 - k. Let h = t - -44. Calculate the remainder when h is divided by 16.
14
Let b = -6 + 8. Suppose -5*f - 40 + 9 = -b*p, -3*f + 62 = 5*p. What is the remainder when p is divided by (1 + 6)*3/